. Suppose 0 = c*p + 2*h - 466, 1 = -h - 0*h. What are the prime factors of p?
2, 3, 13
Let m = 138 - 130. Suppose -1671 = -m*k - 127. What are the prime factors of k?
193
Let n = 211 - -48. Suppose 4*h - n - 209 = 0. List the prime factors of h.
3, 13
Let o be 2/(-4) + 2922/4. Suppose -8*u + 13*u = o. Let l = -29 + u. What are the prime factors of l?
3, 13
Let q(w) = 2391*w + 4067. What are the prime factors of q(14)?
7, 31, 173
Let v(k) be the first derivative of k**2/2 - 22*k + 20. Let u be v(19). List the prime factors of (0 + 700/(u - 1))*-1.
5, 7
Suppose 14*i + 5*k = 19*i - 4705, -4*k = -20. What are the prime factors of (7 - 65/10)*i?
11, 43
Let m = 102 + 14. Let h = 176 - m. Let a = 2 + h. List the prime factors of a.
2, 31
Suppose 29755 = a - 3*b, -2*a + b + 59526 = 3*b. List the prime factors of a.
29761
Let y(c) = -4*c**3 + 15*c**2 + 21*c + 9. Let j(v) = -7*v**3 + 30*v**2 + 43*v + 15. Let a(x) = -3*j(x) + 5*y(x). What are the prime factors of a(17)?
2, 5, 17
Let k(g) = -3*g**3 + 2*g**2 + 17*g - 6. Let u be 10*(-1 - (-3)/6). What are the prime factors of k(u)?
2, 167
Let g be (-10)/25 - 19884/(-60). List the prime factors of g + 2 - ((-16)/4 - -1).
2, 3, 7
Let z(h) = h**3 + 3*h**2 - 13*h - 2. Let o(j) = j**3 + 3*j**2 - 14*j - 1. Let d(c) = -4*o(c) + 5*z(c). List the prime factors of d(7).
421
Suppose 3*k - 30054 = -10491. What are the prime factors of k?
6521
Suppose -17*i - 225 = -22*i. Suppose y + 3*y = 392. Let l = y - i. List the prime factors of l.
53
Suppose -11*r = 206 - 111251. Suppose 37*p = 22*p + r. What are the prime factors of p?
673
Let y be 4/1 + -6 + 8. Let w(r) = 21*r**2 - 5*r + 117. What are the prime factors of w(y)?
3, 281
Let b(o) be the first derivative of -o**4/2 + 67*o**3/3 - 11*o**2/2 - 15*o - 78. What are the prime factors of b(33)?
3, 79
Let x = -1361 + 2477. Let z be 1 + (4 - x)/(-4). Suppose 5*p = -3*f - f + z, 307 = 5*p - 3*f. What are the prime factors of p?
59
Let r = -41 - -24. Let c = 114 - r. Suppose -c = -3*l + 2*k - 15, 4*l = 5*k + 164. What are the prime factors of l?
2, 3
Let i = 2530 - -3620. List the prime factors of i.
2, 3, 5, 41
Let k be 53 + 50 - 12/2. Let l = k - -339. List the prime factors of l.
2, 109
Let q(u) = 2618*u**3 - 2*u**2. Let f be q(-1). Let y = -1475 - f. List the prime factors of y.
5, 229
Let p = 766 + -1112. Let n = -14 - p. What are the prime factors of n?
2, 83
Let x(k) = k**3 - 64*k**2 + 572*k + 15. What are the prime factors of x(58)?
13007
Suppose -t - 14630 = -3*l, -93*l - t = -92*l - 4874. List the prime factors of l.
2, 23, 53
Let t be 1 + 528/(-14) - 34/119. Suppose 0 = b - 0*s + 5*s - 58, b - s = 40. Let f = b - t. List the prime factors of f.
2, 5
Suppose -1827458 - 3476867 = -280*t + 3544515. List the prime factors of t.
11, 13, 17
Let m(b) = 25*b**2 + 32*b + 85. Let v(d) = 46*d**2 + 65*d + 170. Let s(u) = 11*m(u) - 6*v(u). List the prime factors of s(-22).
3, 89
Suppose 40 + 4 = -4*v. Let y(t) = -3*t + 20. List the prime factors of y(v).
53
Let k(v) = 572*v + 266. Let y(i) = -143*i - 67. Let r(q) = -2*k(q) - 9*y(q). List the prime factors of r(5).
2, 3, 131
Let l(y) = 49*y - 38. Let b be l(6). Let s = 29 - b. Let o = s + 352. List the prime factors of o.
5
Let l = -25850 + 38556. What are the prime factors of l?
2, 6353
Let j(y) = -152*y + 27. Suppose -328 + 321 = o. What are the prime factors of j(o)?
1091
Let t = 31542 + -11324. List the prime factors of t.
2, 11, 919
Let v = -352 + 667. Suppose 3*m = -5*q + v, -146 = -2*m + q + 77. Let a = -56 + m. What are the prime factors of a?
2, 3
Suppose 21*m + 1953 = 24*m. Let o = 1535 - m. What are the prime factors of o?
2, 13, 17
Suppose -2*s + 2*s + 13447 = 7*s. What are the prime factors of s?
17, 113
Let d(i) = i**2 - 6*i - 8. Let z be d(8). Suppose z*t - 2*t = 72. List the prime factors of 33 - 7/((-21)/t).
37
Let o = 108 + -155. Let f = o - -480. What are the prime factors of f?
433
Let w be (-10)/(-15) - (-10)/(-15). Suppose 4*n + 14 = -2*b, w*b - 4*n - 20 = -4*b. What are the prime factors of -2 + (3 - b) - (-180 - 10)?
2, 5, 19
Let k(c) = 2*c**3 + 2*c**2 - c + 386. Let l be k(0). Suppose 2*o - 4*u - 258 = 0, -3*u + 259 + l = 5*o. List the prime factors of o.
3, 43
Suppose 24 = 3*a + 724*x - 721*x, 2*x - 28 = -5*a. Let p be 1/3 + 3/(-9). Suppose -3*h - n + 388 = 0, a*h + 4*n - n - 519 = p. List the prime factors of h.
3, 43
What are the prime factors of 6/(-3)*564516/(-216)?
5227
Let c(f) = 0*f + 4 + 6 + 6*f + 10*f. Let d be c(5). Let k = -73 + d. What are the prime factors of k?
17
Let q(s) = -s**2 + 10*s + 6. Let p = 51 + -43. Let y be q(p). Suppose -2*d - 2*c + c = -y, 0 = -3*d + c + 43. What are the prime factors of d?
13
Let t(m) = m**3 - 129*m**2 + 109*m + 326. List the prime factors of t(131).
3, 47, 347
Let z be (120/8)/(18/12). What are the prime factors of -2*(195/(-26))/(2/z)?
3, 5
List the prime factors of 209616/168 + (-14)/(-49).
2, 3, 13
Suppose -2*s - 3*q = -5*q - 18, 35 = 3*s - 5*q. Suppose -64 = -11*l - 42. Suppose 4 = -k + l, -92 = -x - s*k. What are the prime factors of x?
2, 3, 17
Let q be (0/((-3)/1))/(11 + -9). Suppose 2*r - 1444 = -q*s + 5*s, 0 = 4*s + 16. List the prime factors of r.
2, 89
Let i(b) = 13*b**2 - 90*b + 204. What are the prime factors of i(17)?
11, 13, 17
Let b(a) = 12*a**2 - 865*a**3 + 16*a + 4 + 435*a**3 + 431*a**3. List the prime factors of b(-10).
2, 11
Let g(y) = 3*y + 89. Let m be g(6). Let d = m + -54. Let h = d - 0. List the prime factors of h.
53
Let p(i) be the second derivative of i**3/3 - 19*i**2/2 - 319*i + 2. Let l be (-1 - (-30)/4)*2. List the prime factors of p(l).
7
Let t = 59 - 46. Suppose 15*b - 566 = t*b. Suppose -195 = -2*y + 5*m, -4*m + 8 = -3*y + b. List the prime factors of y.
5, 17
Suppose 4788396 = 52*n + 1188072. What are the prime factors of n?
3, 7, 157
Suppose 9*k - 171792 + 14715 = 0. What are the prime factors of k?
31, 563
Suppose -2*w + 4 = -w. Suppose 0 = -5*n - 5*x + 1310, -3*x - 250 = -w*n + 3*n. List the prime factors of n.
7, 37
Let u = -3324 - -48017. What are the prime factors of u?
11, 17, 239
Suppose p = -p + 3*x - 1184, 5*p + x = -2994. Let d = p + 1116. What are the prime factors of d?
2, 7, 37
Let r = 177 - 88. Let g(s) = 50*s**3. Let q be g(-1). Let p = r + q. List the prime factors of p.
3, 13
Suppose 279*f = 141*f + 3573226 + 4666340. What are the prime factors of f?
59707
Suppose 27*v + 64639 = -82673. What are the prime factors of ((-2)/(-4))/(-4 - 21832/v)?
11, 31
Let q(x) = -741*x**3 - 13*x**2 - 11*x + 1. Let d be q(-1). Let i be 101/2 + (-4)/(-8). Suppose -i*c + d = -46*c. What are the prime factors of c?
2, 37
Let y be ((-33)/(-5) - 3)/(2/5). Suppose 0 = y*h - 6*h - 498. List the prime factors of h.
2, 83
Let l(s) = -1015*s + 2818. What are the prime factors of l(-14)?
2, 3, 11, 43
List the prime factors of (85 - 0)/(65/3432).
2, 3, 11, 17
Let x be (-4)/8*1*0. Suppose 4*l - 3*z + 140 = 715, -z - 5 = x. Let d = l - -25. List the prime factors of d.
3, 5, 11
Suppose -11*g = 12*g + 4*g - 662688. List the prime factors of g.
2, 13, 59
Suppose 20*h = 23*h - 3. Let y be 2/(h/4*-1). Let g(s) = -s**3 - 7*s**2 + 4*s + 12. List the prime factors of g(y).
2, 11
Let z = -409 - -751. Let k = 4 + -2. Suppose k*m = -5*o + z + 173, -2*o = -m - 215. What are the prime factors of o?
3, 5, 7
Let w be ((-67)/(-20) + 6/15)*-8. Let b = w + 56. Suppose x + 4*h - 17 = 0, 3*h = -4*x + 8*h + b. List the prime factors of x.
3
Suppose -2*z + 468 = -z - 2*h, 0 = 2*z - 2*h - 928. Suppose -1492 - z = -8*b. Suppose -9*j = -5*j - b. List the prime factors of j.
61
Let c = -827 + 827. Suppose -3*x + 277 = -2*u - 653, c = -3*x + u + 930. What are the prime factors of x?
2, 5, 31
Suppose 26*w - 239379 - 468707 - 121548 = 0. List the prime factors of w.
17, 1877
Let c = -23 + 34. Suppose c*w + 12 = 14*w. What are the prime factors of -1 - (1 - 32/w)?
2, 3
Let m(p) = -2*p - 33. Let d be m(-9). Let x(q) = 4*q**2 - 28*q - 131. List the prime factors of x(d).
29, 41
Suppose -3*l + 16 = -i, 37 - 47 = -2*i. List the prime factors of 4/l - (-6 + (-10512)/28).
2, 191
Suppose 20*o - 8*o = 180. Suppose o*z - 22 = 4*z. Suppose 5*q + 444 = 2*h, z*h + 3*q = q + 430. List the prime factors of h.
7, 31
Let i be (45/(-18))/((-2)/64). Let n = i + -74. What are th